{"id":4,"date":"2014-04-29T21:54:44","date_gmt":"2014-04-29T19:54:44","guid":{"rendered":"http:\/\/gruenfutter-jena.de\/?page_id=4"},"modified":"2026-05-02T22:23:40","modified_gmt":"2026-05-02T20:23:40","slug":"wer-ist-gruenfutter-jena-e-v","status":"publish","type":"page","link":"https:\/\/gruenfutter-jena.de\/","title":{"rendered":"Wer?"},"content":{"rendered":"\n<figure class=\"wp-block-image size-large\"><img loading=\"lazy\" decoding=\"async\" width=\"1024\" height=\"199\" src=\"https:\/\/gruenfutter-jena.de\/wp-content\/uploads\/2026\/05\/Infoabend-1024x199.jpg\" alt=\"\" class=\"wp-image-4856\" srcset=\"https:\/\/gruenfutter-jena.de\/wp-content\/uploads\/2026\/05\/Infoabend-1024x199.jpg 1024w, https:\/\/gruenfutter-jena.de\/wp-content\/uploads\/2026\/05\/Infoabend-300x58.jpg 300w, https:\/\/gruenfutter-jena.de\/wp-content\/uploads\/2026\/05\/Infoabend-768x149.jpg 768w, https:\/\/gruenfutter-jena.de\/wp-content\/uploads\/2026\/05\/Infoabend.jpg 1036w\" sizes=\"auto, (max-width: 1024px) 100vw, 1024px\" \/><\/figure>\n\n\n<p>Die GR\u00dcNFUTTER Erzeuger-Verbraucher-Gemeinschaft Jena e.V. ist eine Verbraucherkooperative f\u00fcr Lebensmittel aus kontrolliert-biologischem Anbau und will die regionale Versorgung mit \u00f6kologisch erzeugten Lebensmitteln f\u00f6rdern. Sie bietet den Verbrauchern die M\u00f6glichkeit, qualitativ gute und gesunde Lebensmittel aus der Region zu erwerben. Die Waren werden durch Umgehung des Zwischenhandels zu Erzeugerpreisen verkauft. Die Wirtschaftlichkeit wird durch die monatlichen Mitgliedsbeitr\u00e4ge und die Mitarbeit der Vereinsmitglieder gewahrt.<\/p>\n<p><img loading=\"lazy\" decoding=\"async\" class=\"alignnone size-full wp-image-116\" src=\"https:\/\/gruenfutter-jena.de\/?uamfiletype=attachment&amp;uamgetfile=http:\/\/gruenfutter-jena.de\/wp-content\/uploads\/2014\/04\/gruenfutter-logo-in-farbe.png\" alt=\"gruenfutter-logo-in-farbe\" width=\"515\" height=\"329\" \/><\/p>","protected":false},"excerpt":{"rendered":"<p>Die GR\u00dcNFUTTER Erzeuger-Verbraucher-Gemeinschaft Jena e.V. ist eine Verbraucherkooperative f\u00fcr Lebensmittel aus kontrolliert-biologischem Anbau und will die regionale Versorgung mit \u00f6kologisch erzeugten Lebensmitteln f\u00f6rdern. Sie bietet den Verbrauchern die M\u00f6glichkeit, qualitativ gute und gesunde Lebensmittel aus der Region zu erwerben. Die Waren werden durch Umgehung des Zwischenhandels zu Erzeugerpreisen verkauft. Die Wirtschaftlichkeit wird durch die monatlichen &hellip; <a href=\"https:\/\/gruenfutter-jena.de\/\" class=\"more-link\"><span class=\"screen-reader-text\">Wer?<\/span> weiterlesen <span class=\"meta-nav\">&rarr;<\/span><\/a><\/p>\n","protected":false},"author":24,"featured_media":0,"parent":0,"menu_order":1,"comment_status":"closed","ping_status":"closed","template":"","meta":{"footnotes":""},"class_list":["post-4","page","type-page","status-publish","hentry"],"yoast_head":"<!-- This site is optimized with the Yoast SEO plugin v27.4 - https:\/\/yoast.com\/product\/yoast-seo-wordpress\/ -->\n<title>Gr\u00fcnfutter Jena e.V.<\/title>\n<meta name=\"description\" content=\"Die Erzeuger-Verbraucher-Gemeinschaft Gr\u00fcnfutter Jena e.V. bietet \u00f6kologische Lebensmittel aus der Region.\" \/>\n<meta name=\"robots\" content=\"index, follow, max-snippet:-1, max-image-preview:large, max-video-preview:-1\" \/>\n<link rel=\"canonical\" href=\"https:\/\/gruenfutter-jena.de\/\" \/>\n<meta property=\"og:locale\" content=\"de_DE\" \/>\n<meta property=\"og:type\" content=\"article\" \/>\n<meta property=\"og:title\" content=\"Gr\u00fcnfutter Jena e.V.\" \/>\n<meta property=\"og:description\" content=\"Die Erzeuger-Verbraucher-Gemeinschaft Gr\u00fcnfutter Jena e.V. bietet \u00f6kologische Lebensmittel aus der Region.\" \/>\n<meta property=\"og:url\" content=\"https:\/\/gruenfutter-jena.de\/\" \/>\n<meta property=\"og:site_name\" content=\"Gr\u00fcnfutter Jena e.V.\" \/>\n<meta property=\"article:modified_time\" content=\"2026-05-02T20:23:40+00:00\" \/>\n<meta property=\"og:image\" content=\"https:\/\/gruenfutter-jena.de\/wp-content\/uploads\/2026\/05\/Infoabend.jpg\" \/>\n\t<meta property=\"og:image:width\" content=\"1036\" \/>\n\t<meta property=\"og:image:height\" content=\"201\" \/>\n\t<meta property=\"og:image:type\" content=\"image\/jpeg\" \/>\n<meta name=\"twitter:label1\" content=\"Gesch\u00e4tzte Lesezeit\" \/>\n\t<meta name=\"twitter:data1\" content=\"1\u00a0Minute\" \/>\n<script type=\"application\/ld+json\" class=\"yoast-schema-graph\">{\"@context\":\"https:\\\/\\\/schema.org\",\"@graph\":[{\"@type\":\"WebPage\",\"@id\":\"https:\\\/\\\/gruenfutter-jena.de\\\/\",\"url\":\"https:\\\/\\\/gruenfutter-jena.de\\\/\",\"name\":\"Gr\u00fcnfutter Jena e.V.\",\"isPartOf\":{\"@id\":\"https:\\\/\\\/gruenfutter-jena.de\\\/#website\"},\"primaryImageOfPage\":{\"@id\":\"https:\\\/\\\/gruenfutter-jena.de\\\/#primaryimage\"},\"image\":{\"@id\":\"https:\\\/\\\/gruenfutter-jena.de\\\/#primaryimage\"},\"thumbnailUrl\":\"https:\\\/\\\/gruenfutter-jena.de\\\/wp-content\\\/uploads\\\/2026\\\/05\\\/Infoabend-1024x199.jpg\",\"datePublished\":\"2014-04-29T19:54:44+00:00\",\"dateModified\":\"2026-05-02T20:23:40+00:00\",\"description\":\"Die Erzeuger-Verbraucher-Gemeinschaft Gr\u00fcnfutter Jena e.V. bietet \u00f6kologische Lebensmittel aus der Region.\",\"breadcrumb\":{\"@id\":\"https:\\\/\\\/gruenfutter-jena.de\\\/#breadcrumb\"},\"inLanguage\":\"de\",\"potentialAction\":[{\"@type\":\"ReadAction\",\"target\":[\"https:\\\/\\\/gruenfutter-jena.de\\\/\"]}]},{\"@type\":\"ImageObject\",\"inLanguage\":\"de\",\"@id\":\"https:\\\/\\\/gruenfutter-jena.de\\\/#primaryimage\",\"url\":\"https:\\\/\\\/gruenfutter-jena.de\\\/wp-content\\\/uploads\\\/2026\\\/05\\\/Infoabend.jpg\",\"contentUrl\":\"https:\\\/\\\/gruenfutter-jena.de\\\/wp-content\\\/uploads\\\/2026\\\/05\\\/Infoabend.jpg\",\"width\":1036,\"height\":201},{\"@type\":\"BreadcrumbList\",\"@id\":\"https:\\\/\\\/gruenfutter-jena.de\\\/#breadcrumb\",\"itemListElement\":[{\"@type\":\"ListItem\",\"position\":1,\"name\":\"Home\",\"item\":\"https:\\\/\\\/gruenfutter-jena.de\\\/\"},{\"@type\":\"ListItem\",\"position\":2,\"name\":\"Wer?\"}]},{\"@type\":\"WebSite\",\"@id\":\"https:\\\/\\\/gruenfutter-jena.de\\\/#website\",\"url\":\"https:\\\/\\\/gruenfutter-jena.de\\\/\",\"name\":\"Gr\u00fcnfutter Jena e.V.\",\"description\":\"\",\"publisher\":{\"@id\":\"https:\\\/\\\/gruenfutter-jena.de\\\/#organization\"},\"potentialAction\":[{\"@type\":\"SearchAction\",\"target\":{\"@type\":\"EntryPoint\",\"urlTemplate\":\"https:\\\/\\\/gruenfutter-jena.de\\\/?s={search_term_string}\"},\"query-input\":{\"@type\":\"PropertyValueSpecification\",\"valueRequired\":true,\"valueName\":\"search_term_string\"}}],\"inLanguage\":\"de\"},{\"@type\":\"Organization\",\"@id\":\"https:\\\/\\\/gruenfutter-jena.de\\\/#organization\",\"name\":\"Gr\u00fcnfutter Erzeuger-Verbraucher-Gemeinschaft Jena e. V.\",\"url\":\"https:\\\/\\\/gruenfutter-jena.de\\\/\",\"logo\":{\"@type\":\"ImageObject\",\"inLanguage\":\"de\",\"@id\":\"https:\\\/\\\/gruenfutter-jena.de\\\/#\\\/schema\\\/logo\\\/image\\\/\",\"url\":\"https:\\\/\\\/gruenfutter-jena.de\\\/wp-content\\\/uploads\\\/2015\\\/08\\\/gruenfutter_icon_512.png\",\"contentUrl\":\"https:\\\/\\\/gruenfutter-jena.de\\\/wp-content\\\/uploads\\\/2015\\\/08\\\/gruenfutter_icon_512.png\",\"width\":512,\"height\":512,\"caption\":\"Gr\u00fcnfutter Erzeuger-Verbraucher-Gemeinschaft Jena e. V.\"},\"image\":{\"@id\":\"https:\\\/\\\/gruenfutter-jena.de\\\/#\\\/schema\\\/logo\\\/image\\\/\"}}]}<\/script>\n<!-- \/ Yoast SEO plugin. -->","yoast_head_json":{"title":"Gr\u00fcnfutter Jena e.V.","description":"Die Erzeuger-Verbraucher-Gemeinschaft Gr\u00fcnfutter Jena e.V. bietet \u00f6kologische Lebensmittel aus der Region.","robots":{"index":"index","follow":"follow","max-snippet":"max-snippet:-1","max-image-preview":"max-image-preview:large","max-video-preview":"max-video-preview:-1"},"canonical":"https:\/\/gruenfutter-jena.de\/","og_locale":"de_DE","og_type":"article","og_title":"Gr\u00fcnfutter Jena e.V.","og_description":"Die Erzeuger-Verbraucher-Gemeinschaft Gr\u00fcnfutter Jena e.V. bietet \u00f6kologische Lebensmittel aus der Region.","og_url":"https:\/\/gruenfutter-jena.de\/","og_site_name":"Gr\u00fcnfutter Jena e.V.","article_modified_time":"2026-05-02T20:23:40+00:00","og_image":[{"width":1036,"height":201,"url":"https:\/\/gruenfutter-jena.de\/wp-content\/uploads\/2026\/05\/Infoabend.jpg","type":"image\/jpeg"}],"twitter_misc":{"Gesch\u00e4tzte Lesezeit":"1\u00a0Minute"},"schema":{"@context":"https:\/\/schema.org","@graph":[{"@type":"WebPage","@id":"https:\/\/gruenfutter-jena.de\/","url":"https:\/\/gruenfutter-jena.de\/","name":"Gr\u00fcnfutter Jena e.V.","isPartOf":{"@id":"https:\/\/gruenfutter-jena.de\/#website"},"primaryImageOfPage":{"@id":"https:\/\/gruenfutter-jena.de\/#primaryimage"},"image":{"@id":"https:\/\/gruenfutter-jena.de\/#primaryimage"},"thumbnailUrl":"https:\/\/gruenfutter-jena.de\/wp-content\/uploads\/2026\/05\/Infoabend-1024x199.jpg","datePublished":"2014-04-29T19:54:44+00:00","dateModified":"2026-05-02T20:23:40+00:00","description":"Die Erzeuger-Verbraucher-Gemeinschaft Gr\u00fcnfutter Jena e.V. bietet \u00f6kologische Lebensmittel aus der Region.","breadcrumb":{"@id":"https:\/\/gruenfutter-jena.de\/#breadcrumb"},"inLanguage":"de","potentialAction":[{"@type":"ReadAction","target":["https:\/\/gruenfutter-jena.de\/"]}]},{"@type":"ImageObject","inLanguage":"de","@id":"https:\/\/gruenfutter-jena.de\/#primaryimage","url":"https:\/\/gruenfutter-jena.de\/wp-content\/uploads\/2026\/05\/Infoabend.jpg","contentUrl":"https:\/\/gruenfutter-jena.de\/wp-content\/uploads\/2026\/05\/Infoabend.jpg","width":1036,"height":201},{"@type":"BreadcrumbList","@id":"https:\/\/gruenfutter-jena.de\/#breadcrumb","itemListElement":[{"@type":"ListItem","position":1,"name":"Home","item":"https:\/\/gruenfutter-jena.de\/"},{"@type":"ListItem","position":2,"name":"Wer?"}]},{"@type":"WebSite","@id":"https:\/\/gruenfutter-jena.de\/#website","url":"https:\/\/gruenfutter-jena.de\/","name":"Gr\u00fcnfutter Jena e.V.","description":"","publisher":{"@id":"https:\/\/gruenfutter-jena.de\/#organization"},"potentialAction":[{"@type":"SearchAction","target":{"@type":"EntryPoint","urlTemplate":"https:\/\/gruenfutter-jena.de\/?s={search_term_string}"},"query-input":{"@type":"PropertyValueSpecification","valueRequired":true,"valueName":"search_term_string"}}],"inLanguage":"de"},{"@type":"Organization","@id":"https:\/\/gruenfutter-jena.de\/#organization","name":"Gr\u00fcnfutter Erzeuger-Verbraucher-Gemeinschaft Jena e. V.","url":"https:\/\/gruenfutter-jena.de\/","logo":{"@type":"ImageObject","inLanguage":"de","@id":"https:\/\/gruenfutter-jena.de\/#\/schema\/logo\/image\/","url":"https:\/\/gruenfutter-jena.de\/wp-content\/uploads\/2015\/08\/gruenfutter_icon_512.png","contentUrl":"https:\/\/gruenfutter-jena.de\/wp-content\/uploads\/2015\/08\/gruenfutter_icon_512.png","width":512,"height":512,"caption":"Gr\u00fcnfutter Erzeuger-Verbraucher-Gemeinschaft Jena e. V."},"image":{"@id":"https:\/\/gruenfutter-jena.de\/#\/schema\/logo\/image\/"}}]}},"_links":{"self":[{"href":"https:\/\/gruenfutter-jena.de\/index.php?rest_route=\/wp\/v2\/pages\/4","targetHints":{"allow":["GET"]}}],"collection":[{"href":"https:\/\/gruenfutter-jena.de\/index.php?rest_route=\/wp\/v2\/pages"}],"about":[{"href":"https:\/\/gruenfutter-jena.de\/index.php?rest_route=\/wp\/v2\/types\/page"}],"author":[{"embeddable":true,"href":"https:\/\/gruenfutter-jena.de\/index.php?rest_route=\/wp\/v2\/users\/24"}],"replies":[{"embeddable":true,"href":"https:\/\/gruenfutter-jena.de\/index.php?rest_route=%2Fwp%2Fv2%2Fcomments&post=4"}],"version-history":[{"count":8,"href":"https:\/\/gruenfutter-jena.de\/index.php?rest_route=\/wp\/v2\/pages\/4\/revisions"}],"predecessor-version":[{"id":4857,"href":"https:\/\/gruenfutter-jena.de\/index.php?rest_route=\/wp\/v2\/pages\/4\/revisions\/4857"}],"wp:attachment":[{"href":"https:\/\/gruenfutter-jena.de\/index.php?rest_route=%2Fwp%2Fv2%2Fmedia&parent=4"}],"curies":[{"name":"wp","href":"https:\/\/api.w.org\/{rel}","templated":true}]}}